8
Suppose 4 + 2 = -3*n. Let a be (14 - n) + (-6 - -8). Suppose 4*i - 26 - a = 0. What is the units digit of i?
1
Suppose 55 = -5*n - 5*v, 4*v = 2*n - n + 11. Let p = -17 - n. What is the units digit of (-9)/6*16/p?
4
What is the units digit of 167/7 + 17/119?
4
Suppose -3*j = -49 - 101. What is the units digit of j?
0
Let o(m) = -m**3 - 5*m**2 - 2*m + 4. What is the tens digit of o(-5)?
1
Let o be (-6)/8 - (-1)/(-4). Let q = 2 - o. What is the units digit of q?
3
What is the tens digit of ((-159)/6)/(4/(-8))?
5
Suppose -z + 2*f + 7 = 5*f, -3*f + 28 = 4*z. What is the units digit of z?
7
Suppose -z + 2*z = -3*a + 6, -7 = -3*z + 2*a. Suppose z*t + t = 20. What is the units digit of t?
5
Suppose 5*y + 476 = 5*c + 2*y, 2*c - 200 = -2*y. What is the tens digit of c?
9
Suppose -y = -3*y - 2. Suppose 12 = 6*i - i - h, 3*i = -4*h - 2. What is the units digit of 3 - (2 - (i - y))?
4
Let u = 15 + -8. Let m = 8 - u. What is the units digit of m?
1
Let b = 20 - -27. Suppose -4*t - 3 + b = 0. What is the units digit of t?
1
Suppose 3*o - 16 = -2*q, 3*q - 7*q + 20 = 3*o. Let n = 1 - 1. Suppose n = 5*t - q - 18. What is the units digit of t?
4
Suppose -9 = 2*m - 1. Let s be 2/4 + (-58)/m. What is the units digit of (-46)/(-6) - (-5)/s?
8
Let x(r) = 3*r + 3*r + 11 - 10*r + 5*r. What is the units digit of x(-8)?
3
Suppose -3*j + 40 = -125. What is the units digit of j?
5
What is the tens digit of 4/6*(527 - 2) - -3?
5
What is the tens digit of (98 - -5 - -5) + -2 + 1?
0
Let a = 57 + -7. What is the tens digit of a?
5
Let m = 100 - 70. Let f = m + -1. Suppose -3*r + 7 = -f. What is the tens digit of r?
1
Let g(x) = 3*x + 1. Suppose -58 = 3*n - 13. Let r be (-33)/n - (-1)/(-5). What is the units digit of g(r)?
7
Suppose 3*n - 2*y - 144 = 0, -5*n + 4*y + 239 = y. What is the units digit of n?
6
Suppose q - 25 = -4*q. Suppose -q*x = -4*c + 13, -x + 4 = c - 3*x. What is the units digit of c?
2
Let b(h) = h - 8. Let t be b(10). Let v(j) = -j**3 + j + 1. Let w be v(-2). Suppose 2*l = d - t*l - 17, -5*d - 3*l = w. What is the units digit of d?
1
Let x be -31*(-2 - (-1 + 1)). Let v = -22 + x. What is the tens digit of v?
4
Let c(f) = -f**3 + 5*f**2 - 5*f. Let n be c(4). What is the units digit of n/(-22) - (-86)/11?
8
Let n(z) = z**3 + 5*z**2 + 5*z + 2. Let i be n(-3). Suppose 0 = -u + i. Suppose u*g = -b - 15 + 47, -b = g - 16. What is the units digit of b?
2
Let q(y) = y**2 + 8*y - 17. What is the units digit of q(-13)?
8
Let d(b) = -b**3 - b**2 + b + 174. What is the units digit of d(0)?
4
Suppose -2*c - 3 + 15 = 0. Suppose b + 2*b = c. Suppose 2*x - 31 = -0*x + 3*y, 5*y - 7 = -b*x. What is the units digit of x?
1
Let m = 37 + -69. What is the units digit of (m/(-48))/((-2)/(-18))?
6
Let o(w) = 5*w + 2. Let r be o(2). Suppose 2*s - r = -48. Let x = -5 - s. What is the units digit of x?
3
Let b(m) = 3*m - 1. Let z be b(-3). Let y = z + 30. What is the units digit of y?
0
Let h(o) = o**3 + 6*o**2 - 4*o - 7. Let t(v) = -v**2 + 2*v - 3. Let x be t(3). What is the tens digit of h(x)?
1
Suppose h + 2 = 2*z - 2*h, -4*z - 3*h = -40. Let y(r) = 2 + 0 + 0*r**2 + 2 - 7*r**2 + r**3. What is the units digit of y(z)?
4
Let r(t) = -t**3 - 5*t**2 + 7*t - 9. What is the tens digit of r(-7)?
4
What is the units digit of (-75)/20*64/(-6)?
0
Let h = -172 - -246. What is the units digit of h?
4
Let q = 10 + -8. Suppose -4*o + 6*o + 4 = 0, -119 = -5*z + q*o. What is the units digit of z?
3
Suppose -2*v + 336 = -2*n, -v = -3*n - 52 - 124. What is the hundreds digit of v?
1
Suppose i - 3*l - 132 = 0, -5*l = 6*i - 3*i - 326. What is the units digit of i?
7
Suppose 3*v - 12 = v. Let w = 10 - v. Suppose 2*z = -w*u + 40, -u - 2 + 6 = -z. What is the units digit of u?
8
Suppose 2*w + 2*u = -w + 5, 3 = -2*w + 5*u. Suppose 20 = -x + 5*s, 7*x - 5*s = 3*x - 20. Let q = w - x. What is the units digit of q?
1
Suppose -4*c - c - 2*m + 470 = 0, 5*c = -3*m + 475. What is the tens digit of c?
9
Suppose 4*a + s = 7 - 2, -a + 4*s = -14. Suppose d - 3*d + 4*q + 64 = 0, a*q = 3*d - 92. What is the units digit of d?
0
Suppose 2*f - 18 = 14. What is the tens digit of f?
1
What is the units digit of (10/4*-12)/(-1)?
0
Let v(y) = -4*y + 2. Suppose -2*f + f - 2 = 0. What is the tens digit of v(f)?
1
What is the hundreds digit of 4*534/8 + -1?
2
Let o(n) = 11*n + 3. What is the units digit of o(2)?
5
Suppose 3*b - 100 = -b. What is the tens digit of b?
2
Suppose 0 = -4*p - p + 40. Let q(s) = -s + 11. Let j be q(p). Suppose 3*f - 3*w - 33 = 0, -2*f - j*w + 8*w = -10. What is the tens digit of f?
1
Let b = 14 + -35. Let r = b - -29. What is the units digit of r?
8
Suppose 5*x + 280 = 5*u, -4*u + 6*u + 4*x - 136 = 0. What is the units digit of u?
0
Let s be (1*-4 + -1)*-27. Suppose -5*a + 20 = -s. What is the tens digit of a?
3
Suppose 0 = -v + j + 2, 2 + 4 = -3*j. Suppose 95 = 5*s - v*s. Suppose -5*b + 4*d = 2*d - 23, -4*b + s = -d. What is the units digit of b?
5
Let g(s) = s - 5. Let i be g(-4). Let c be (i + 6)*(-4)/(-2). Let k = 8 + c. What is the units digit of k?
2
Suppose 2*y + 2*b - 2 = -0*b, y = b + 3. Suppose -15 = -w - y*w. Suppose w*x - 10 = 40. What is the tens digit of x?
1
Suppose -3*i - 5*j + 61 = 0, -i - j + 0*j + 17 = 0. What is the units digit of i?
2
Let x be 2/11 + 524/22. Let y = 42 - x. What is the units digit of y?
8
Suppose 5*y + 44 = -4*r + 4*y, -4*y + 52 = -3*r. What is the units digit of ((-8)/r)/((-2)/(-9))?
3
Let n = 2 - -3. Let h(i) be the second derivative of 2*i**3/3 - i**2 - 47*i. What is the tens digit of h(n)?
1
Let u(q) = q**3 - 1. Let m(j) = -3*j**3 - 8*j**2 + 5*j + 5. Let x(g) = -m(g) - 4*u(g). What is the tens digit of x(7)?
1
Let y be (-2)/3*54/(-12). Suppose 4*a - 2*q = 10 - 2, y*a - 4*q - 11 = 0. What is the units digit of a?
1
Let i(y) be the third derivative of -y**5/60 + 5*y**4/24 + 2*y**2. Let m be i(4). Suppose -m*g = -0*g - 20. What is the units digit of g?
5
Let h(w) = w**3 - 4*w**2 + 4*w - 5. Let j be h(5). Suppose c = -11 + j. What is the tens digit of c?
2
Let a be 2 + -4 - (7 - 1). Let p(n) = n + 10. Let j be p(a). Let l(v) = v - 1. What is the units digit of l(j)?
1
Let p(r) = -50*r**3 + r**2 - 1. Let j be p(-1). Suppose 30 = 4*n - j. What is the tens digit of n?
2
What is the tens digit of 474/12*(-2 + 4)?
7
Let h(q) = -12*q + 51. What is the hundreds digit of h(-6)?
1
Suppose -2*q + 3*q - 4*p = 7, 0 = q + 2*p + 5. Let n = q - -5. Suppose -n*r + 41 = 1. What is the units digit of r?
0
Let b = 264 + -136. What is the tens digit of b?
2
Let x = 91 - 55. What is the units digit of x?
6
Suppose -33 = 3*k - 3*t + 8*t, 3 = k - 3*t. What is the units digit of k/(-9) - (-86)/6?
5
Suppose 62 - 252 = -5*i. What is the units digit of i?
8
Suppose 6*d - 75 = d. What is the tens digit of d?
1
Suppose 0*g - 5*y - 43 = -2*g, 0 = -3*g + 5*y + 72. Suppose -i + g = -20. What is the tens digit of i?
4
Let y = 7 - 2. Suppose 11 = y*b - 3*p, p = -b + 4*p - 5. What is the units digit of b?
4
What is the units digit of 3 + (36 - (0 + -3))?
2
What is the tens digit of (-1)/(-2) + (-106)/(-4)?
2
What is the tens digit of 2/(-3) - 362/(-3)?
2
Suppose -p + 339 - 94 = 4*v, 5*p + 15 = 0. What is the units digit of v?
2
Suppose 3*v + 252 = -3*v. Let n = -23 - v. What is the units digit of n?
9
Let n be 0 - (-14)/(2 + 0). Let p = 17 - n. Let u = 2 + p. What is the tens digit of u?
1
Let n(f) = -f + 16. What is the units digit of n(-7)?
3
Let s = 214 + -95. What is the units digit of s?
9
Let v(h) = -h + 9. Let o be v(4). Suppose -25 = -5*k, -3*q + 8*q - 90 = -o*k. What is the units digit of q?
3
Suppose 22 = -v + 2*v + 2*i, -3*i = 4*v - 113. What is the tens digit of v?
3
Suppose -3*r + 9 - 6 = 0. What is the units digit of r?
1
What is the units digit of ((-3)/2)/((-2)/124)?
3
What is the units digit of (-34)/(-12) + 1/6?
3
Let l = 60 - 20. What is the units digit of l?
0
Let x = -50 - -71. Let m = -14 + x. What is the units digit of m?
7
Let u(m) = -m**3 + m + 3. Let p(f) = 7*f + 6. Let k(j) = -20*j - 17. Let c(b) = -6*k(b) - 17*p(b). Let l be c(0). What is the units digit of u(l)?
3
Suppose 147 = 44*z - 43*z. What is the units digit of z?
7
Suppose -l + 12 = -21. What is the tens digit of l?
3
Suppose -4*j - 14 = 2*c - 0*c, j = -5. Suppose -y = c*y - 4. What is the units digit of -4 